{"id":1040,"date":"2024-10-09T16:38:45","date_gmt":"2024-10-09T16:38:45","guid":{"rendered":"https:\/\/fisioterapia.facmed.unam.mx\/?page_id=1040"},"modified":"2024-10-09T16:58:03","modified_gmt":"2024-10-09T16:58:03","slug":"perfil-ingreso","status":"publish","type":"page","link":"https:\/\/fisioterapia.facmed.unam.mx\/index.php\/perfil-ingreso\/","title":{"rendered":"Perfil Ingreso"},"content":{"rendered":"<p>[et_pb_section fb_built=\u00bb1&#8243; fullwidth=\u00bbon\u00bb _builder_version=\u00bb4.14.7&#8243; _module_preset=\u00bbdefault\u00bb global_colors_info=\u00bb{}\u00bb][et_pb_fullwidth_header title=\u00bbperfil de inGreso\u00bb _builder_version=\u00bb4.14.7&#8243; _module_preset=\u00bbdefault\u00bb title_font=\u00bbRaleway|900||on|||||\u00bb title_text_align=\u00bbcenter\u00bb title_font_size=\u00bb70px\u00bb background_color=\u00bb#105fd3&#8243; background_image=\u00bbhttps:\/\/fisioterapia.facmed.unam.mx\/wp-content\/uploads\/2024\/05\/IMG_20220303_113545-scaled.jpg\u00bb background_position=\u00bbtop_center\u00bb background_blend=\u00bbmultiply\u00bb custom_margin=\u00bb-20px||-20px||true|false\u00bb custom_padding=\u00bb130px||130px||true|false\u00bb filter_brightness=\u00bb102%\u00bb title_text_shadow_style=\u00bbpreset1&#8243; title_text_shadow_horizontal_length=\u00bb-0.01em\u00bb title_text_shadow_vertical_length=\u00bb0.07em\u00bb title_text_shadow_blur_strength=\u00bb0.13em\u00bb title_text_shadow_color=\u00bb#171717&#8243; global_colors_info=\u00bb{}\u00bb][\/et_pb_fullwidth_header][\/et_pb_section][et_pb_section fb_built=\u00bb1&#8243; _builder_version=\u00bb4.14.7&#8243; _module_preset=\u00bbdefault\u00bb background_color=\u00bb#edecec\u00bb custom_padding=\u00bb12px||12px||true|false\u00bb box_shadow_style=\u00bbpreset3&#8243; box_shadow_vertical=\u00bb20px\u00bb box_shadow_blur=\u00bb17px\u00bb box_shadow_spread=\u00bb-20px\u00bb global_colors_info=\u00bb{}\u00bb][et_pb_row _builder_version=\u00bb4.14.7&#8243; _module_preset=\u00bbdefault\u00bb global_colors_info=\u00bb{}\u00bb][et_pb_column type=\u00bb4_4&#8243; _builder_version=\u00bb4.14.7&#8243; _module_preset=\u00bbdefault\u00bb global_colors_info=\u00bb{}\u00bb][et_pb_text _builder_version=\u00bb4.14.7&#8243; _module_preset=\u00bbdefault\u00bb text_font=\u00bbRaleway||||||||\u00bb text_text_color=\u00bb#4A4A4A\u00bb text_font_size=\u00bb16px\u00bb link_font=\u00bbRaleway|700|||||||\u00bb link_text_color=\u00bb#474747&#8243; link_font_size=\u00bb16px\u00bb header_5_font=\u00bbRaleway|100|||||||\u00bb hover_enabled=\u00bb0&#8243; global_colors_info=\u00bb{}\u00bb sticky_enabled=\u00bb0&#8243;]<\/p>\n<p style=\"text-align: center;\"><strong><a href=\"https:\/\/fisioterapia.facmed.unam.mx\/\" title=\"Inicio\">Inicio<\/a><\/strong> \/ Perfil de Ingreso<\/p>\n<p>[\/et_pb_text][\/et_pb_column][\/et_pb_row][\/et_pb_section][et_pb_section fb_built=\u00bb1&#8243; _builder_version=\u00bb4.14.7&#8243; _module_preset=\u00bbdefault\u00bb custom_padding=\u00bb18px||32px|||\u00bb global_colors_info=\u00bb{}\u00bb][et_pb_row _builder_version=\u00bb4.14.7&#8243; _module_preset=\u00bbdefault\u00bb custom_padding=\u00bb||15px|||\u00bb global_colors_info=\u00bb{}\u00bb][et_pb_column type=\u00bb4_4&#8243; _builder_version=\u00bb4.14.7&#8243; _module_preset=\u00bbdefault\u00bb global_colors_info=\u00bb{}\u00bb][et_pb_text _builder_version=\u00bb4.14.7&#8243; _module_preset=\u00bbdefault\u00bb border_width_bottom=\u00bb2px\u00bb border_color_bottom=\u00bb#D6A03C\u00bb border_style_bottom=\u00bbdotted\u00bb box_shadow_style=\u00bbpreset3&#8243; box_shadow_vertical=\u00bb7px\u00bb box_shadow_blur=\u00bb10px\u00bb box_shadow_spread=\u00bb-7px\u00bb global_colors_info=\u00bb{}\u00bb]<\/p>\n<h3 style=\"text-align: center;\"><strong>El aspirante al ingresar a la Licenciatura en Fisioterapia debe mostrar: <\/strong><\/h3>\n<p>[\/et_pb_text][\/et_pb_column][\/et_pb_row][et_pb_row _builder_version=\u00bb4.14.7&#8243; _module_preset=\u00bbdefault\u00bb custom_padding=\u00bb22px||10px|||\u00bb global_colors_info=\u00bb{}\u00bb][et_pb_column type=\u00bb4_4&#8243; _builder_version=\u00bb4.14.7&#8243; _module_preset=\u00bbdefault\u00bb global_colors_info=\u00bb{}\u00bb][et_pb_text _builder_version=\u00bb4.14.7&#8243; _module_preset=\u00bbdefault\u00bb text_text_color=\u00bb#4A4A4A\u00bb text_font_size=\u00bb19px\u00bb text_line_height=\u00bb1.6em\u00bb custom_padding=\u00bb||0px|||\u00bb global_colors_info=\u00bb{}\u00bb]<\/p>\n<ul>\n<li><span style=\"color: #00265e;\"><strong>Conocimientos<\/strong><\/span> de las ciencias naturales y socio m\u00e9dicas y b\u00e1sicos del idioma ingl\u00e9s.<\/li>\n<\/ul>\n<ul>\n<li><span style=\"color: #00265e;\"><strong>Habilidades<\/strong><\/span> en la lectura, escritura y redacci\u00f3n necesarios para el manejo de la literatura en el \u00e1rea de las ciencias de la salud; para establecer relaciones interpersonales, desarrollar actividades de auto-aprendizaje, trabajo grupal y colaborativo, observar, retener y analizar; de razonamiento verbal, abstracto e independencia de juicio y para la comunicaci\u00f3n, el trabajo en equipo, as\u00ed como la capacidad de an\u00e1lisis y el juicio cr\u00edtico.<\/li>\n<\/ul>\n<ul>\n<li><span style=\"color: #00265e;\"><strong>Actitudes<\/strong><\/span> y valores como la vocaci\u00f3n de servicio, honestidad, respeto, responsabilidad, inter\u00e9s y disposici\u00f3n para el estudio y la investigaci\u00f3n, as\u00ed como voluntad para la superaci\u00f3n personal; inter\u00e9s real por el bienestar del ser humano, con una actitud de servicio que le permita considerar los aspectos biol\u00f3gicos, psicol\u00f3gicos y sociales; actitud de servicio iniciativa y estabilidad emocional, adem\u00e1s de contar con plena salud f\u00edsica y mental para el estudio y ejercicio de la<br \/>profesi\u00f3n.<\/li>\n<\/ul>\n<p>[\/et_pb_text][\/et_pb_column][\/et_pb_row][\/et_pb_section]<\/p>\n","protected":false},"excerpt":{"rendered":"<p>Inicio \/ Perfil de IngresoEl aspirante al ingresar a la Licenciatura en Fisioterapia debe mostrar: Conocimientos de las ciencias naturales y socio m\u00e9dicas y b\u00e1sicos del idioma ingl\u00e9s. Habilidades en la lectura, escritura y redacci\u00f3n necesarios para el manejo de la literatura en el \u00e1rea de las ciencias de la salud; para establecer relaciones interpersonales, [&hellip;]<\/p>\n","protected":false},"author":5,"featured_media":0,"parent":0,"menu_order":0,"comment_status":"closed","ping_status":"closed","template":"","meta":{"_et_pb_use_builder":"on","_et_pb_old_content":"","_et_gb_content_width":"","footnotes":""},"class_list":["post-1040","page","type-page","status-publish","hentry"],"jetpack_sharing_enabled":true,"publishpress_future_action":{"enabled":false,"date":"2026-04-14 16:02:14","action":"change-status","newStatus":"draft","terms":[],"taxonomy":"","extraData":[]},"publishpress_future_workflow_manual_trigger":{"enabledWorkflows":[]},"_links":{"self":[{"href":"https:\/\/fisioterapia.facmed.unam.mx\/index.php\/wp-json\/wp\/v2\/pages\/1040","targetHints":{"allow":["GET"]}}],"collection":[{"href":"https:\/\/fisioterapia.facmed.unam.mx\/index.php\/wp-json\/wp\/v2\/pages"}],"about":[{"href":"https:\/\/fisioterapia.facmed.unam.mx\/index.php\/wp-json\/wp\/v2\/types\/page"}],"author":[{"embeddable":true,"href":"https:\/\/fisioterapia.facmed.unam.mx\/index.php\/wp-json\/wp\/v2\/users\/5"}],"replies":[{"embeddable":true,"href":"https:\/\/fisioterapia.facmed.unam.mx\/index.php\/wp-json\/wp\/v2\/comments?post=1040"}],"version-history":[{"count":7,"href":"https:\/\/fisioterapia.facmed.unam.mx\/index.php\/wp-json\/wp\/v2\/pages\/1040\/revisions"}],"predecessor-version":[{"id":1463,"href":"https:\/\/fisioterapia.facmed.unam.mx\/index.php\/wp-json\/wp\/v2\/pages\/1040\/revisions\/1463"}],"wp:attachment":[{"href":"https:\/\/fisioterapia.facmed.unam.mx\/index.php\/wp-json\/wp\/v2\/media?parent=1040"}],"curies":[{"name":"wp","href":"https:\/\/api.w.org\/{rel}","templated":true}]}}